uppose -4*b - m = 284. Is (b/10)/3*-26 a composite number?
True
Let p be -23 + 28 + -1*25 + 1. Let u(m) = 28*m**2 + 64*m - 5. Is u(p) a composite number?
False
Let i(v) = -2*v + 24. Let x(p) = -p + 12. Let k(u) = -3*i(u) + 5*x(u). Let s be k(19). Suppose -1769 = -s*y + 2942. Is y a composite number?
False
Suppose 1 = -m, -15*p + 13*p = 2*m + 34. Is (32892/p)/((-51)/68) prime?
True
Let i be (45/(-8))/(15/20)*-2. Let x(m) = m - 12. Let f be x(i). Suppose 0 = -3*d - f*d + 2130. Is d a composite number?
True
Let i be (-1)/5 + (-256)/(-80). Suppose 5*g = -2*q + 1 - i, -4*g = q + 1. Suppose g = 2*r + 74 - 516. Is r a prime number?
False
Let o be 3 + 2/(4/(-6)). Let k(t) = t**3 - 2*t**2 - 2*t + 869. Is k(o) a prime number?
False
Let b(u) = 11890*u**2 - u + 62. Is b(3) a composite number?
False
Let j(z) = -7*z**2 - 541*z**3 + 546*z**3 - 27 + 19*z**2 + 26*z. Is j(7) prime?
False
Suppose -55*d - 10963043 = -112*d - 34*d. Is d a prime number?
True
Let g(w) = 158*w**2 + 8*w + 36. Let y be g(-14). Suppose 6*p = y + 2198. Is p a composite number?
True
Suppose -386*l - 1176987 = -391*l + i, -5*i = 5*l - 1176975. Is l a prime number?
True
Suppose -6 = -2*l - 2. Suppose -2*w + 12 = l*w. Is (w/(-3))/(2/(-62) - 0) composite?
False
Let j = 37 - 26. Suppose -47338 = -j*s + 145393. Is s composite?
True
Let j(p) = p**2 - 7*p + 5. Let m be j(6). Let r be m/2*15/(-5)*-6406. Is (-7)/((-42)/4)*r/(-2) a composite number?
False
Suppose 75*n - 1118762 = 17*n. Is n composite?
False
Suppose -2*a - 60 = 3*a. Suppose 51 + 40 = -2*v + 69. Is (v - a)*(632 - (0 + -2)) composite?
True
Let w(q) = 677*q + 2. Let b(t) = -t**2 + 10. Let g be b(-3). Is w(g) prime?
False
Let k(u) be the first derivative of u**3/6 + 367*u**2/2 - 4*u + 14. Let m(q) be the first derivative of k(q). Is m(0) composite?
False
Let b(v) = -v**3 - 16*v**2 - 12*v + 48. Let m be b(-15). Suppose -3*f + 154 = j, -m*f - 5*j + 18 = -140. Is f a composite number?
True
Suppose 27*y - 659999 = 382701 + 690511. Is y a prime number?
False
Let g = 553 - 547. Suppose 4*t + 4*c - 15252 = 0, 8*t = g*t + 4*c + 7650. Is t a composite number?
True
Let y(u) = 99*u**2 + 18*u + 11. Suppose -3*i + 29 = -5*a, -4*i + 2*a + 23 = -11. Is y(i) prime?
True
Let s be 9282/(-26)*(-1 + 1 + 1). Let a = -531 + 1310. Let g = a + s. Is g a composite number?
True
Suppose 5*i = -2*u + 13, 0 = 2*u - 3*u - 4*i + 8. Let p be (4/6)/(u/348). Let o = p - 5. Is o a composite number?
False
Let n = 309 + -2405. Let h = n - -6069. Is h composite?
True
Suppose -3*s = 6*r - 489042, 0 = 8*s - 12*s - 16. Is r a composite number?
False
Let o = 473174 - -2501053. Is o a composite number?
True
Is 4 + 336849 + (2 - 16) a prime number?
False
Let h(j) = -j**3 - 5*j**2 - 14*j + 11. Let f be h(13). Let d = f + 4850. Is d a prime number?
True
Suppose 0 = 80*r - 84*r + 4*c + 295620, -2*c = 3*r - 221695. Is r composite?
True
Let k = 29007 + -18478. Is k a composite number?
False
Let a = 450 + -447. Let s(t) = 262*t**3 - 2*t**2 + 2*t - 1. Is s(a) a composite number?
True
Let c(h) = -1004 - h - 4*h + 1666. Is c(0) prime?
False
Let w = 134 + -48. Suppose 22974 = w*p - 84*p. Suppose -o - p = -4*o. Is o a prime number?
False
Suppose -114*u + 446706 = -3740628. Is u a composite number?
True
Suppose 9250 + 59516 = 3*f - 3*n, 3*f - n - 68764 = 0. Is f composite?
False
Let g(n) be the third derivative of 88*n**4/3 - 13*n**3/6 + 14*n**2. Let s be g(7). Suppose -3*y + s = -4082. Is y a prime number?
True
Let y(q) be the second derivative of q**5/10 - 7*q**4/6 + 4*q**3/3 + 5*q**2/2 + q. Let g = 2318 - 2307. Is y(g) prime?
True
Let o = -38748 + 55955. Suppose -o = -5*l - v + 21874, -4*v = 2*l - 15618. Is l prime?
True
Suppose z - 4*z + 4*f + 58 = 0, -3*z - 4*f = -98. Let s(i) = 2*i**3 - 42*i**2 - 40*i + 17. Is s(z) a composite number?
False
Suppose 29*x = 27*x + 4*v + 37238, 0 = -2*x - 2*v + 37214. Is x composite?
True
Let a be (-44534)/(-42)*(2 + 43). Suppose -67*k = -70*k + a. Is k prime?
False
Let x be 6/(7 + -4)*(-1)/2. Let f be ((-7 - 1) + -51)/(1/x). Suppose 2*c = f + 183. Is c prime?
False
Let z = 6189 - 15655. Let y = -5879 - z. Is y composite?
True
Suppose 30806 = 10*l - 59244. Let b = -55 + 59. Suppose 5*p - a + b*a - l = 0, -a = 0. Is p prime?
True
Let k(m) = 485*m - 186. Let a be k(14). Suppose -79*w + 75*w + a = 0. Is w a prime number?
False
Let b(z) = 80*z + 38. Let d be b(5). Suppose -11*h = -8*h - 3315. Let w = d + h. Is w composite?
False
Suppose -y = 5*o - 4*y + 809, 4*o = -5*y - 662. Let t = o + 586. Suppose -z + 1414 = t. Is z a composite number?
False
Suppose 149192 = 35*a - 38758. Let b = 8189 - a. Is b prime?
True
Is (4702 - 2)*(-575)/(-46) - -7 composite?
False
Let t = -401425 + 728342. Is t a prime number?
False
Let s(u) = 145*u**2 - 14*u + 35. Let m = 162 + -152. Is s(m) a composite number?
True
Suppose 922*n = 915*n - 210. Let u(v) = -v**3 - 20*v**2 + 57*v - 7. Is u(n) a prime number?
True
Suppose 0 = 5*n, -2*n - 135 = 5*s - 3*n. Let l = s - -31. Let k = 51 - l. Is k composite?
False
Suppose -5*s + 9761 - 3506 = 0. Let q(l) = -l**3 + 9*l**2 + 279*l + 57. Let n be q(19). Let c = s + n. Is c a composite number?
False
Suppose 9*n + 13 = -5. Let g be 1/(n*(-1)/148) - -2. Let t = g + 21. Is t a prime number?
True
Suppose -19*x = 4*x - 3374964 - 2688917. Is x a prime number?
True
Let s = 210 - 216. Is 6/(s/(-1655)) - 0 composite?
True
Suppose 4*i = -5*c - 224, 2*c - i - 177 = 6*c. Let p = c - -43. Is (2 + 0 + p)*55 a composite number?
True
Is 4/(-3) + (-1199490)/(-18) a composite number?
True
Let g(x) = 1887*x - 39. Let j = 224 + -218. Is g(j) prime?
False
Suppose 2*s + 4*v + 15 - 113 = 0, -176 = -4*s - 3*v. Suppose -32*g = -s*g + 17541. Is g a composite number?
False
Let a = 218 + -137. Let o = a - 120. Is 6/o + 3 + 17010/39 a prime number?
True
Is ((-100)/10 + 9)*(-1400858)/4*2 composite?
False
Suppose 4 = 5*s - 4*s. Let r be (0 + -1 + 5)*(-6)/(-8). Suppose s*p = -0*u - r*u + 1189, -2*u + 2*p = -788. Is u prime?
False
Let f(c) = -11*c**2 - 14*c + 41. Let z(p) = 5*p - 3. Let k be z(4). Let v be f(k). Let l = 5177 + v. Is l a composite number?
False
Let v(a) = 133*a**2 + 7*a + 41. Suppose -7*j - 19*j - 286 = 0. Is v(j) a composite number?
False
Suppose -212*t = -2*i - 211*t + 1108009, -4*i + 2216053 = 5*t. Is i a prime number?
False
Let q(x) = 2351*x**2 - 160*x + 1200. Is q(7) composite?
False
Let v(n) = -3 + 5 - 178*n + 23*n + 10*n. Let h be (-22)/2 - 0/(-3). Is v(h) composite?
False
Let l(j) = j**2 - 15*j + 37. Let r be l(-7). Suppose -27237 = -198*a + r*a. Is a prime?
False
Let s be 1/2*(3755 + (5 - 10)). Suppose 0*j + s = 5*j. Let b = j + 62. Is b a prime number?
False
Let r = -98 + 94. Is 23540/50*(-10)/r composite?
True
Suppose -21*g = 5*q - 19*g - 27947, 4*q + g - 22360 = 0. Let n = q + -1165. Is n prime?
False
Let h(r) = 1623*r + 979. Is h(8) a composite number?
False
Let g = 9 - 7. Suppose g*p = p - 1. Is p - (-22624)/26 - (-6)/(-39) a prime number?
False
Let o = -12728 - -180109. Is o prime?
True
Let v = 31560 - -11081. Is v a prime number?
True
Suppose 12*k - 5342 = 36322. Suppose -3*w = -5*a + 8673, 0*a = -2*a + 4*w + k. Let s = -1163 + a. Is s prime?
True
Let m = 462 + -459. Suppose 4*b - 10083 = -m*u + 1802, -4*u + 5*b = -15888. Is u prime?
True
Let d = -6120 + 3304. Let b = d - -4914. Is b a prime number?
False
Let c(o) = -1. Let w(j) = 21*j**2 + 11*j - 53. Let t(q) = 4*c(q) + w(q). Is t(10) composite?
False
Let f be (20750 - 0)/5 - (1 - 2). Suppose 0 = -q + 12694 - f. Is q composite?
False
Let m = 5070 - 3332. Suppose 2*s - 348 - m = 0. Let t = s + -126. Is t composite?
True
Let y = -13285 + 53916. Is y composite?
True
Let k(t) = t**2 - t. Let l(g) = -5*g**2 + 4*g + 161. Let v(z) = 4*k(z) + l(z). Suppose -4*r - 94*y + 91*y + 6 = 0, 0 = r + 3*y - 6. Is v(r) prime?
False
Is (-126422)/(-4)*(23 + -32 + 11) a prime number?
True
Let o(b) = b + 9. Let t be o(-7). Suppose 7*f = 23 - t. Suppose 6*s - 1 = 5*s, f*s - 5706 = -3*i. Is i a composite number?
False
Let a(v) = -605*v + 1217107. Is a(0) a prime number?
True
Suppose 14*m = 17*m - 113184. Let c = 68123 - m. Is c prime?
False
Suppose 2*q + 84 - 6 = 0. Let c = q + 94. Is c a prime number?
False
Let p(g) = 12*g + 1. Let a be p(1). Suppose a = 2*j - 9. Suppose j*l + 1558 = 13*l. Is l a prime number?
Fa